e 0 = w*k - 31 - 8. Suppose l - 144 = -3*l. What is the remainder when l is divided by k?
10
Suppose 74*y - 65*y = 81. What is the remainder when 367 is divided by y?
7
Suppose -3*n - 6 + 15 = 0. Suppose 0 = 3*y + 5*h - 46, 25 = -n*y + 8*y - 2*h. Calculate the remainder when y is divided by 2.
1
Let k be 1*(17 - (-5 - -1)). Let c = k + 2. What is the remainder when c is divided by 9?
5
Let k = 39 - 34. Suppose -4*u - 39 = -k*u. What is the remainder when u is divided by 6?
3
Suppose 44*z - 41*z = 210. What is the remainder when z is divided by 3/(-5 + 2) - -25?
22
Suppose 8*z = 779 + 605. Calculate the remainder when z is divided by 22.
19
Let g(y) = 6*y - 12. Let j be g(3). What is the remainder when (-206)/j*(-5 - -2) is divided by 36?
31
Let n = 1760 + -1590. What is the remainder when 846 is divided by n?
166
Let n = 1359 + -1350. Calculate the remainder when 611 is divided by n.
8
Suppose 5*x + 2*u - u - 326 = 0, -3*u - 12 = 0. Calculate the remainder when (-621)/(-33) - 3*(-4)/x is divided by 11.
8
Suppose 49*b - 65536 = -15*b. Calculate the remainder when b is divided by 54.
52
Let d be 6 - ((-45)/(-10) - (-4)/(-8)). Let l = d + 11. Calculate the remainder when 167 is divided by l.
11
Suppose -5*y + 5*u = -155, -5*y + 87 = -2*y + 3*u. What is the remainder when 268 is divided by y?
28
Suppose 4*p - 7*p = 6. Calculate the remainder when 11929/474 - 2/(-24)*-2 is divided by (-1)/p - (-68)/8.
7
Suppose -32 = -3*h + 52. Let x(y) = 138*y - 637. What is the remainder when x(5) is divided by h?
25
Suppose -7*k = -18 - 94. Let f be -3 + 1/(-1) + 178. Calculate the remainder when (1/(-3))/((-2)/f) is divided by k.
13
Let x = 29 - 20. What is the remainder when 113 is divided by x?
5
Let g(b) = 111*b + 11. Let o be g(1). Let k = o + -105. What is the remainder when 152 is divided by k?
16
Let w(h) = h**2 - 21*h - 236. Calculate the remainder when w(-14) is divided by 134.
120
Let a(o) = -6*o - 2. Suppose 3*q - 42 = -3*r, -3*r + 9 = -q - 25. Suppose -3*k = m - 10 - r, -m = -5*k + 42. Calculate the remainder when a(-5) is divided by k.
4
Let u(a) = 4*a + 75. Calculate the remainder when u(6) is divided by 39.
21
Let i(n) = n**2 + 12*n + 9. What is the remainder when 104 is divided by i(-12)?
5
Suppose 0 = -10*d + 5*d + 475. Calculate the remainder when d is divided by 48.
47
Suppose 4*j = -3*f - 160, j + 41 + 4 = -2*f. Let w = j - -134. Calculate the remainder when w is divided by 25.
22
Suppose 3*h + 20*z - 246 = 23*z, -z = 3*h - 246. What is the remainder when 190 is divided by h?
26
Suppose -5*c - 2*x + 110 = 0, 3*x + 0 = -15. What is the remainder when c is divided by 10?
4
Let n = 733 - 687. What is the remainder when 180 is divided by n?
42
Let n(j) = 29*j**2 + 158*j + 3. Calculate the remainder when n(-6) is divided by ((-30)/(-4))/((-3)/(-4)).
9
Let d(x) = 10*x - 5. Calculate the remainder when ((-17)/(-5))/((-6)/(-30)) is divided by d(1).
2
Let o(x) = x**2 + 8*x - 89. Calculate the remainder when 135 is divided by o(8).
18
Suppose 4*w + 2 = 6*w, q + 3*w + 6 = 0. Let k(o) = o**2 + 5*o - 11. Let i be k(q). Suppose -2*g - i = -103. What is the remainder when g is divided by 10?
9
Let d = -1890 + 1896. Let c(f) = f**2 + 7*f + 9. Let k(p) = p**2 - 4*p - 3. Let y be k(3). What is the remainder when d is divided by c(y)?
0
Let o(v) be the first derivative of v**4/4 - 2*v**3 + 2*v**2 + 7*v + 1. Calculate the remainder when o(6) is divided by 11.
9
Let y(r) = -3*r**2 - 22*r - 15. Let u be y(-6). Let j(z) = 2*z. Let d be j(2). Suppose -d*t + u*t - 550 = 0. What is the remainder when t is divided by 28?
26
Let q = 147 - 136. What is the remainder when 104 is divided by q?
5
Let l(f) = f**2 + 13*f + 3. Let h(v) = -v**2 - 17*v - 3. Let u be h(-16). Suppose 0 = -2*c + 3*c - u. What is the remainder when l(-16) is divided by c?
12
Let a(p) = -4*p - 6. Let f be a(-12). Let c = -39 + f. Calculate the remainder when 4 is divided by c.
1
Let q be (70/15)/((-1)/3). Let y = q - -46. Calculate the remainder when 126 is divided by y.
30
Let o = 355 - 351. Let q(z) = z**2 + 6*z - 8. Let b(l) = -2*l**2 - 12*l + 16. Let y(a) = -2*b(a) - 5*q(a). Calculate the remainder when o is divided by y(-7).
0
Suppose 0 = 3*q - 5*p - 29, -2*q + 4*q = -2*p + 46. Suppose 112 = -4*c + 8. Let o = c - -95. Calculate the remainder when o is divided by q.
15
Suppose -14*i + 9*i = 145. Let j = i - -48. What is the remainder when j is divided by 7?
5
Let c(w) = w**3 - 2*w**2 - 3*w + 9. Let j be c(6). Let u = j + -35. Suppose -5*g = -u - 110. What is the remainder when g is divided by 15?
12
Let i(c) = 2*c + 1 - 3 - 7*c - 5*c. Calculate the remainder when 26 is divided by i(-1).
2
Suppose -131 = -4*h + 5. Calculate the remainder when 258 is divided by h.
20
Let s(v) = v**3 + 4*v**2 + 2*v + 4. Let c(u) = -u. Let f be 92/28 + (-2)/7. Let p be c(f). Calculate the remainder when 13 is divided by s(p).
6
Let t(b) = b**2 - 39*b - 43. Let f(z) = 3 + 2*z - 3 - 1 + z**2. Calculate the remainder when t(41) is divided by f(-5).
11
What is the remainder when (-592)/(-6) - 10/(-30)*1 is divided by 34?
31
Let a = 2290 + -918. Calculate the remainder when (1/2)/(1 - 1365/a) is divided by 26.
20
Suppose -p + 10 = -0*p. Suppose 6*t - 5*t = 37. What is the remainder when t is divided by p?
7
Calculate the remainder when (-1602)/(-30) - 1 - (-6)/10 is divided by (-2)/(-8) + (-426)/(-24).
17
Let t(k) = k**3 + 9*k**2 + 5*k + 6. Let n be t(-6). Suppose 36 = 5*s - n. Calculate the remainder when s is divided by (6/(-12))/(-1*1/26).
11
Suppose 4*t + 35 = -3*j, 10 = -t - 0*t - j. Calculate the remainder when (t/(-3) - 1)*6 is divided by 1.
0
Suppose -4*y + 452 - 72 = 0. What is the remainder when 1044 is divided by y?
94
Let j(r) = 3*r + 32. Let a(x) be the second derivative of -x**5/20 + x**4/2 + x**3/3 - x**2/2 - 2*x. Calculate the remainder when j(3) is divided by a(6).
8
Suppose -32*a + 71*a = 2496. What is the remainder when 127 is divided by a?
63
What is the remainder when 6/(-8)*(-19432)/21 is divided by 58?
56
Let o(z) = 83*z + 7. Let y be o(1). Let l = 116 - y. What is the remainder when 126 is divided by l?
22
Let f = 861 - 829. What is the remainder when f is divided by 14?
4
Suppose y = -3*m + 151, -2*m = -3*m + 5*y + 29. Suppose 0*j + 170 = -5*j. Calculate the remainder when m is divided by (0 - j/6)*3.
15
Let v be (-21)/(-9) + ((-25)/(-15) - 2). Suppose -23 = -4*m + f, -m + 3*f - 2*f + v = 0. What is the remainder when 62 is divided by m?
6
Suppose -4*q - 4 = -4*v, -2*v = q - 2 - 12. Calculate the remainder when -7*(2/(-8) + (-18)/24) is divided by q.
3
Let u be 3/(-2)*(-176)/(-33). Let s(k) = k**2 + 23. What is the remainder when s(u) is divided by 32?
23
Suppose -4*y = 0, -2*a = a + 5*y - 57. What is the remainder when 35 is divided by a?
16
Suppose 2095*d - 2096*d = -9. What is the remainder when 591 is divided by d?
6
Let f(i) be the second derivative of -i**4/12 + 7*i**3/6 + 19*i**2 + 13*i. Calculate the remainder when f(9) is divided by 7.
6
Suppose 9*i - 975 = z - 3*z, -5*i - 2*z + 539 = 0. Calculate the remainder when 335 is divided by i.
8
Let v(t) = 33*t**2 + 8*t + 1. Let m = -9 + 7. Let x(c) = 2*c**2 - 5*c - 3. Calculate the remainder when v(m) is divided by x(-3).
27
Suppose 0 = 4*a + 16 - 32. What is the remainder when ((-59)/(-2))/(a/8) is divided by 21?
17
Suppose 17175 + 441 = 48*a. Calculate the remainder when a is divided by 16.
15
Let u be (1 + (-2)/8)*8. Let q(r) = -r**2 - 10*r - 3. Calculate the remainder when q(-7) is divided by (u/(-4))/(3/(-10)).
3
Let c = 573 + -482. Calculate the remainder when 450 is divided by c.
86
Suppose -8*y + 6*y = -w - 241, -15 = 5*w. What is the remainder when y is divided by 60?
59
Let u(i) = i**2 + 2*i + 7*i + 0*i**2 + 1. Let x be u(-4). Let a = x - -28. Calculate the remainder when 17 is divided by a.
8
Suppose l = -4*b - 18, -5*l + 3*b = -11 - 14. Suppose 2*f - 64 = -4*c, 0*f - 4*f + 134 = l*c. What is the remainder when 168 is divided by f?
32
Calculate the remainder when 18/81 - (-123810)/54 is divided by 51.
49
Let s(p) = p**3 - 9*p**2 + 7*p - 16. Let k be s(7). Suppose -y + 8 = -7. Calculate the remainder when 60 is divided by k/(-4) + y/(-60).
12
Let x(b) = b**2 - 22*b - 70. What is the remainder when 242 is divided by x(-3)?
2
Let 